112210100210?
1112210101002
In base 5, what is -2 + 432420010044?
432420010042
In base 12, what is 14b0 - 24b3?
-1003
In base 10, what is -24645612 - 3?
-24645615
In base 3, what is -211011 + 210111121?
202200110
In base 10, what is -37176 + 4701?
-32475
In base 11, what is 1 - -2030989?
203098a
In base 3, what is 10022021222211 + 2221?
10022022002202
In base 12, what is -44 - -ab5b2?
ab56a
In base 12, what is 295400 + -16?
2953a6
In base 10, what is -226 - -3664582?
3664356
In base 4, what is -11 - 12310133322321?
-12310133322332
In base 13, what is -3 + -2397b1c2?
-2397b1c5
In base 9, what is -472 + -1212670?
-1213252
In base 11, what is -743889 + 17?
-743872
In base 16, what is -2 - -4e144f?
4e144d
In base 12, what is 149a1 - -314?
150b5
In base 8, what is 61023 - -1522?
62545
In base 13, what is -ab77 - 20c?
-b086
In base 7, what is 55615 + 126355?
215303
In base 9, what is 678 + -272752?
-272063
In base 16, what is 4311 - -2760?
6a71
In base 3, what is -12021011 - 10122220?
-22221001
In base 8, what is -3541663060 + 3?
-3541663055
In base 11, what is 5 + -2528215?
-2528210
In base 5, what is -11142124 - -10011?
-11132113
In base 8, what is -5436 - -20100?
12442
In base 16, what is -3 + -2579efd?
-2579f00
In base 8, what is -311727 + -2040?
-313767
In base 3, what is 10 - -112201012021011?
112201012021021
In base 7, what is 302 - -2256344?
2256646
In base 7, what is 2545514 + -31?
2545453
In base 3, what is 22110201 + 10102022?
102220000
In base 8, what is 531653424 - 2?
531653422
In base 9, what is 16768 + -4404?
12364
In base 7, what is 112600 - 14656?
64611
In base 7, what is 5 - -45126031?
45126036
In base 4, what is 3321132 + -20233?
3300233
In base 12, what is -1b091 + -3a81?
-22b52
In base 7, what is 2143533 + -10?
2143523
In base 2, what is 11000000100010010 + 110111?
11000000101001001
In base 13, what is 12 - -93880a?
93881c
In base 10, what is -42775056 - 7?
-42775063
In base 10, what is -5 - 6397603?
-6397608
In base 11, what is -129 - -130?
2
In base 6, what is -230252 + -3013?
-233305
In base 3, what is 20102121111 - -2012120?
20111211001
In base 13, what is 6a61 + 26b?
6ccc
In base 9, what is 5502723 - 3?
5502720
In base 14, what is 7 + -324056?
-32404d
In base 5, what is 34442403334 + -13?
34442403321
In base 13, what is -8435 + -5a61?
-11196
In base 7, what is 236344 - 166?
236145
In base 7, what is 35 + 2405461?
2405526
In base 2, what is 1001000111100 + -110110100011001111?
-110101011010010011
In base 7, what is -21462016 + -2?
-21462021
In base 7, what is -4 - -1203511322?
1203511315
In base 3, what is 2 - -110020211120001?
110020211120010
In base 14, what is -36 - -26a546?
26a510
In base 9, what is -4 + 122548282?
122548277
In base 4, what is -1300211 + 2000?
-1232211
In base 5, what is 4142 + 2004021?
2013213
In base 10, what is -223 - -3865191?
3864968
In base 12, what is -2000767 + -6?
-2000771
In base 5, what is 314332223 + 120?
314332343
In base 16, what is adb0 - ba?
acf6
In base 9, what is -4 + -200482550?
-200482554
In base 6, what is 504004 + -210410?
253154
In base 5, what is -14020 - -23404303?
23340233
In base 5, what is 3 + 140020442013?
140020442021
In base 4, what is -1001000 - -3112100?
2111100
In base 5, what is 13422 - 3324030?
-3310103
In base 5, what is -10 + 343300344004?
343300343444
In base 8, what is 45623604 + -42?
45623542
In base 6, what is 2023145 - 121?
2023024
In base 6, what is -4534 - -1003103?
554125
In base 9, what is 47587860 - 4?
47587855
In base 4, what is 0 - -2130322001120?
2130322001120
In base 7, what is 24 + -166555551?
-166555524
In base 15, what is -61a - 54652?
-54c6c
In base 7, what is -621611205 + -25?
-621611233
In base 9, what is -31856573 + 11?
-31856562
In base 7, what is -2315454 - 2041?
-2320525
In base 12, what is -3 - -1b5337?
1b5334
In base 11, what is 6 - -16796667?
16796672
In base 12, what is -12 + -3869775?
-3869787
In base 14, what is 6836d4 - 98?
68363a
In base 11, what is 1152351 + -46?
1152306
In base 6, what is -5 - 422443314?
-422443323
In base 4, what is -1020000200 - -21?
-1020000113
In base 2, what is 1100101110001000100110101 - -1?
1100101110001000100110110
In base 10, what is 193773 - -124?
193897
In base 10, what is -1711179 - 102?
-1711281
In base 16, what is -a4364a - -6?
-a43644
In base 4, what is -3011102200113 + -1?
-3011102200120
In base 15, what is 3 - -b933169?
b93316c
In base 12, what is -555716a + 2?
-5557168
In base 4, what is -22330302 - -1013?
-22323223
In base 7, what is -1636225460 + -1?
-1636225461
In base 14, what is -6 - 7c144?
-7c14a
In base 6, what is -254334543414 - 0?
-254334543414
In base 11, what is 149a0a - -607?
14a516
In base 13, what is -baa0 - -1ab2?
-9cbb
In base 6, what is -23 - -5150415443?
5150415420
In base 15, what is -1c - -21ab91?
21ab74
In base 2, what is -1000111010011101111010 - -110101?
-1000111010011101000101
In base 8, what is 72325554 + -1?
72325553
In base 11, what is 19348 + 119?
19466
In base 13, what is -1c5b - -5c64?
4006
In base 2, what is -1101 - 1100001100100011001?
-1100001100100100110
In base 3, what is -11121120201101 - 22?
-11121120201200
In base 15, what is -2067ac + -3?
-2067b0
In base 6, what is 2 + -141403145?
-141403143
In base 7, what is -2440540 - 1406?
-2442246
In base 6, what is -133323042 - -5?
-133323033
In base 8, what is -5 + 2536544?
2536537
In base 9, what is -5732702 - -25?
-5732666
In base 10, what is 1515105 + -640?
1514465
In base 4, what is -302023 - 101230?
-1003313
In base 9, what is 271 + -137221?
-136840
In base 15, what is -88a - 1837?
-21c2
In base 16, what is -4 - 450170a?
-450170e
In base 7, what is 3503120 - 466?
3502321
In base 14, what is 341b4b + -22?
341b29
In base 12, what is 20a3 - 167b?
624
In base 15, what is 9 - 9ac17?
-9ac0d
In base 9, what is 238214 - 15?
238188
In base 6, what is 512533442 - 10?
512533432
In base 3, what is -201200 + -110020020222?
-110020222122
In base 12, what is 1 - 570b5b0?
-570b5ab
In base 7, what is 2516 - 1011605?
-1006056
In base 8, what is 1 + -247376526?
-247376525
In base 13, what is 1146a + -282b?
b93c
In base 3, what is 21100 + 22021201?
22120001
In base 8, what is 144 + -13056?
-12712
In base 5, what is 4033324 + -3213?
4030111
In base 5, what is -2 + -304040303?
-304040310
In base 11, what is 3777a - -1737?
39406
In base 13, what is -63634 + -12b?
-63762
In base 5, what is 102024013 + 12322?
102041340
In base 13, what is 72 - 4c4300?
-4c425b
In base 14, what is -1c4501 + 344?
-1c419b
In base 4, what is -20331012222001 - -1?
-20331012222000
In base 3, what is 1112200 + 2002001?
10121201
In base 11, what is 21 + -75453?
-75432
In base 4, what is 13200312310 - -10?
13200312320
In base 6, what is 30020555333 + 13?
30020555350
In base 12, what is -21 - -8b0913?
8b08b2
In base 7, what is -3243301155 + -2?
-3243301160
In base 3, what is 221 + -100120020010?
-100120012012
In base 14, what is 12a02b + 5?
12a032
In base 14, what is c33 - -2653?
3486
In base 2, what is -1000 - -10000001011010000000011101?
10000001011010000000010101
In base 14, what is -6c509 - d?
-6c518
In base 3, what is 12 - -21101010001000221?
21101010001001010
In base 3, what is 12112020 - 10211021?
1200222
In base 16, what is -12e5fb - -13f?
-12e4bc
In base 16, what is 5379a0 + -17?
537989
In base 6, what is 2041122 + 1450?
2043012
In base 13, what is -115 - 110a36?
-110b4b
In base 9, what is 325352 + 155?
325517
In base 8, what is 15633771 + -106?
15633663
In base 5, what is 30 + -113123314324?
-113123314244
In base 11, what is -6 + 77182?
77177
In base 15, what is 234 + 7138e?
715c3
In base 14, what is 3d9 - -360d?
3a08
In base 12, what is -a + 2319634?
2319626
In base 12, what is 2501655b + -2?
25016559
In base 6, what is -101 - 1312?
-1413
In base 12, what is -55bb12b4 + -4?
-55bb12b8
In base 10, what is -27164 - 7125?
-34289
In base 9, what is -1517 - -75312?
73684
In base 10, what is -4 + 8032341?
8032337
In base 4, what is 2030033321 + -12?
2030033303
In base 4, what is -1020232203230 - 10?
-1020232203300
In base 7, what is 145001252 + -10?
145001242
In base 4, what is 222001101 + 32?
222001133
In base 6, what is 42 + -404352322?
-404352240
In base 3, what is -102120210201120 + -11?
-102120210201201
In base 3, what is -10021122 - -221?
-10020201
In b